1
Calculate -2 + (20 - 15) + -7.
-4
5 + (6 - 15) - (-9 - 2)
7
-1 + 7 - (-4 + 7 + 3)
0
Calculate -4 + (-3 - (-7 + -4)).
4
2 + -3 + -10 + 6
-5
Calculate -2 + 3 - ((-11 - -17) + -12).
7
Evaluate 3 - (-4 + 10 + 0).
-3
What is the value of 3 + -8 - (16 + -29)?
8
Evaluate 1 - 1 - (8 - 8).
0
1 - (-1 + (1 - 4))
5
-6 + 3 - (9 + -11)
-1
Evaluate 7 + -5 - (1 + -1).
2
Calculate 0 + 0 - (-9 + -8 + 14).
3
Calculate -8 - (-3 + (0 - (-4 - -5))).
-4
Evaluate 1 - (6 + (-5 - -7) + -5).
-2
Evaluate 4 + (4 - 1 - 3).
4
Evaluate -9 - (5 - 1 - 4).
-9
Calculate 0 - (0 + (5 - (4 + 2))).
1
What is 8 - (9 - (8 + -4))?
3
Calculate (-28 - -26) + (-1 - 0) + 1.
-2
What is the value of -28 - -10 - (-5 - 5)?
-8
Calculate -6 + 1 + 0 - -1 - -3.
-1
Calculate (3 - -8) + -8 - -5.
8
4 + 5 + -4 + (7 - 6)
6
-4 + -4 + (6 - 5)
-7
What is (0 + -19 - (44 - 51)) + 4?
-8
Calculate 21 + -11 + -4 + -9.
-3
What is the value of -3 + 2 - (-1 - -7)?
-7
What is the value of 2 + -5 + -3 + 2 + 4?
0
What is the value of 8 - -1 - (-12 + 19) - 4?
-2
Evaluate -8 + 5 + 4 + (-2 - 3).
-4
What is the value of 0 + -5 + 4 + -3 + -3?
-7
Calculate 11 + -3 + 16 + -29.
-5
What is -3 + 4 + 2 - 2?
1
(0 - (-4 + -2 + 3)) + -4
-1
Evaluate -3 + (-5 - -8) + -3 + 10.
7
Evaluate -4 - (-5 + 3 - 1).
-1
-2 + 4 + -1 + -3
-2
What is 7 + (-7 - -5 - 0)?
5
What is the value of (-1 - 0) + (-2 - (0 - 4))?
1
What is the value of 12 - 11 - (1 + (0 - -2))?
-2
What is -6 + -9 + 2 + 19?
6
(3 - 3) + (3 - 5)
-2
Calculate (-20 - -13) + 4 + (-1 - -2).
-2
Evaluate 8 + 2 + (-26 - -20).
4
Evaluate (-1 - 2) + 2 + (-1 - 6).
-8
What is (-3 - -6) + -4 + 2 + -5?
-4
12 + (7 - 17) + -5
-3
What is -3 - (-6 + (-2 - -6))?
-1
Calculate (-9 + -2 - -14) + -7.
-4
What is 5 - 2 - (-2 + 1)?
4
-3 - (8 + (-1 - 3))
-7
Calculate (4 + -3 - -1) + -3 + 7.
6
7 - (3 + -1) - 2
3
What is the value of 3 - (-9 - (-12 - 1))?
-1
Calculate 0 - (-7 - 1) - (4 - 2).
6
1 + (3 - 0) - (3 + 2)
-1
Evaluate 10 - (9 - ((-11 - -4) + 12)).
6
Calculate -9 + (3 - (4 + -5)).
-5
What is the value of 1 + (-5 - -4) - -3?
3
4 - (2 + -3) - 7
-2
-4 + 3 + 3 - 2
0
Calculate (5 - -1 - 6 - 2) + -5.
-7
(-15 - -8) + 29 + -15
7
What is 4 + (-2 - -4) + -9 + 6?
3
What is -8 - (7 + -11) - (1 - 3)?
-2
Calculate -3 + (6 - (1 - 1 - -5)).
-2
Evaluate -4 + (1 - -1 - 1) - -2.
-1
Evaluate (-11 - (-9 - -4)) + 1 + -1.
-6
4 + (-7 - (-13 + 8))
2
What is the value of 29 + -22 + -7 + -1?
-1
What is the value of (12 - 2) + -20 + 10?
0
Evaluate (2 - 7) + 4 + -1.
-2
What is the value of 2 - ((1 - 4) + 4 + -4)?
5
-5 + 0 - (15 + -3 + -24)
7
3 + -5 + -4 + 4 - -10
8
Calculate -1 + 1 + -2 - 2 - -5.
1
What is 3 - ((-5 - -9) + -6)?
5
Calculate (7 - -1) + -1 + (0 - 3).
4
What is the value of 2 + 4 - 9 - -9?
6
Calculate -2 + 15 + (2 - 9).
6
26 + -36 + (0 - -2 - 2)
-10
What is the value of -2 - (1 + -1 - 1) - -2?
1
What is the value of 66 - 54 - (7 + -1)?
6
What is the value of 9 + -5 + -9 - -1?
-4
Calculate (1 - 1) + 14 + -18 + 5.
1
What is the value of 5 - (5 - 5) - 0?
5
-1 + -1 - (6 - 10)
2
What is the value of (-6 + 4 - -2) + 1?
1
2 + -11 + 5 + 6 + -3
-1
What is 0 + -6 + 5 - -5?
4
What is (-8 + 12 - (4 + -2)) + -6?
-4
((0 - -18) + -3 - 4) + -5
6
What is -1 + (12 + -8 - (2 + 0))?
1
What is 2 - (-1 - 1 - (-6 + 2))?
0
What is 168 - 163 - (-2 - -4 - 6)?
9
6 - (-13 + 8 + -1 + 3)
9
(43 - 34) + (0 - 5)
4
What is -40 + 52 + -8 + -1?
3
Calculate (2 - 4) + (-1 - (4 - 7)).
0
What is -6 - (7 - 1 - (-27 - -36))?
-3
What is 1 - 1 - (10 + -5 + -3)?
-2
Evaluate (2 - (-4 + 6)) + -9 + 8.
-1
(-6 - (-6 + (4 - -1))) + 4
-1
What is (1 + 11 - 7) + (1 - 4)?
2
4 + 3 + 0 + -2
5
What is 2 - (1 + 0) - -3 - 0?
4
What is the value of 0 - (8 + -10 + (0 - -1))?
1
What is 5 - 3 - (-2 - 2 - -4)?
2
What is the value of 2 - (-2 - (-4 - 0))?
0
What is the value of -8 + (11 - (13 - 15))?
5
What is (8 - 4) + (2 - 2)?
4
Calculate -1 + 1 - (1 - -10 - 18).
7
-3 + 2 - (-3 - (-5 + -1))
-4
Evaluate -20 + 17 - (-2 - 1).
0
-1 + (6 + 1 - (53 - 40))
-7
What is the value of 1 + 2 + 11 + -12?
2
Evaluate -5 + (-17 - -17) + (0 - -1).
-4
What is the value of -1 + 1 + 0 + -2?
-2
What is the value of (5 - 2 - 0) + -4?
-1
Calculate -1 + (-4 - 2) - -6.
-1
What is 2 - (-6 + 4) - 7?
-3
Evaluate 3 - (3 - (6 - 2) - -7).
-3
What is -5 + -9 + 2 + 6?
-6
2 + (-5 - (2 - 3))
-2
What is (4 - 1) + (-9 - (-20 + 12))?
2
-4 + (5 - 1) - 3
-3
What is the value of 0 - (-2 + 3) - 3?
-4
(-2 + 4 - 3) + (-8 - -5)
-4
Calculate -3 - (-1 + 4 - 2) - -1.
-3
Evaluate (-2 - 8) + -2 + -2 + 7.
-7
What is -1 - (2 + -7 - (2 + -9))?
-3
Calculate (1 - (3 - 4)) + -2.
0
What is 9 + -2 + 9 + -15?
1
What is 1 + -7 + 3 + (-3 - -2)?
-4
What is the value of 3 - ((0 - -8) + 16 + -16)?
-5
What is the value of (9 - 10) + -4 - -10?
5
Calculate 28 - 23 - (-2 - -1).
6
What is the value of (7 - 1) + -3 - (-3 - -8)?
-2
Evaluate 0 - ((-2 + 0 - -2) + 0).
0
What is -7 + 4 + -3 + 9?
3
What is 1 + (-3 - (0 - (4 - 0)))?
2
Evaluate 3 + -12 + 6 + -2.
-5
What is -1 - (-9 + 3) - 1 - 1?
3
Calculate -1 + 1 + (-8 - -8).
0
Calculate -6 + 3 + 4 + -2 - 1.
-2
What is the value of -4 + 4 + 2 + 0?
2
Calculate (6 - (6 + -4)) + -5.
-1
-4 + 5 + -7 + 5
-1
What is (-3 - (0 - 3)) + (0 - -3)?
3
-12 - -7 - 1 - -7
1
What is -11 - -10 - (-4 - -3)?
0
Calculate (220 - 212) + (1 - 7).
2
7 + -3 - (7 + 0)
-3
What is 1 + (3 - 0) - (-1 - -3)?
2
What is the value of -4 - (1 - (1 - -1))?
-3
Calculate -1 + 0 - (-53 - -56).
-4
0 + -9 + (-91 - -108)
8
1 - (7 - (-1 - (-6 - -2)))
-3
What is the value of -1 + -7 + 11 + 4 - 7?
0
What is -3 + 3 + -4 + 8?
4
Calculate -4 + (1 - 5 - 0).
-8
(-3 + 2 - 2) + -2 + 7
2
Evaluate -3 + 3 + (1 - -1).
2
What is the value of 3 + 0 + -2 + 3 + -3?
1
Calculate 3 - (4 + 5 + -1).
-5
Calculate 0 + 2 + 1 + 2 - 8.
-3
What is 0 - -5 - (-13 + 20)?
-2
Evaluate 1 + (34 + -37 - (1 - -1)).
-4
What is the value of (0 - (2 + -1)) + (8 - 5)?
2
What is the value of 0 + 3 - (12 + -14)?
5
Evaluate -6 - (-5 - (0 - 2)).
-3
What is the value of 4 + -3 + (4 - 4)?
1
What is the value of -9 + 12 + (3 - 9 - 0)?
-3
What is the value of 6 + (0 - 10) + 1?
-3
What is 11 - 14 - (1 + 0)?
-4
Calculate -3 - (-12 + (3 - 5) + 7).
4
Calculate (-1 - (-4 + 5)) + (0 - -1).
-1
What is 213 + -224 + (6 - -1)?
-4
Evaluate 1 - 1 - (8 + -4).
-4
What is the value of 3 - (0 + 0 - -2)?
1
Calculate (-1 - (6 + -13)) + 5.
11
Evaluate 3 - ((2 - -6) + -3).
-2
Evaluate -1 + 8 + 2 - (-1 - -6).
4
Calculate -45 + 40 + (11 + 1 - 2).
5
Calculate -1 + 0 + -3 + -1.
-5
What is (6 - -1) + -5 + 5?
7
Calculate 3 + (0 - -9) - (9 - 3).
6
3 + 3 + -2 - (-9 - -16)
-3
Evaluate 0 + 3 - (-18 - -23).
-2
Evaluate -6 + -3 - -8 - -5.
4
What is the value of (1 - (0 - 0)) + (46 - 53)?
-6
Calculate (5 + -4 - -1) + 1.
3
-4 + 8 + -10 - (-3 + 3)
-6
Evaluate 5 + -10 + (-1 - -5) + -1.
-2
Evaluate 1 - 11 - (-10 - -2).
-2
What is -3 - (-5 + 5) - -3 - 7?
-7
-4 + 0 - (-22 - -22)
-4
What is the value of (-34 - -33) + -3 + -1?
-5
What is 1 + 2 - (2 + 1)?
0
What is (-5 - (-9 - -1)) + 2?
5
Calculate 2 - (7 + -7 + 3).
-1
Calculate -29 + (-3 - -17) - -17.
2
What is (-34 - -20 - (1 + -7)) + 5?
-3
What is the value of 9 - (8 - (0 - (-3 + 0)))?
4
Calculate (2 - 2) + (7 - 3).
4
What is -2 + 1 + -1 + 3 - 6?
-5
What is the value of 12 + -14 + (0 - -10) + -1?
7
67 + -66 - (-1 + 0)
2
What is the value of (5 - 7) + (-2 - 0 - 0)?
-4
Evaluate 307 + -306 + -2 + -3 + 2.
-2
Calculate -1 + (4 - -1) + 0.
4
What is the value of -1 - 0 - (-24 + 29)?
-6
Calculate -8 + 14 + 4 + -4.
6
What is 7 + (-7 - 5) + -5 + 2?
-8
15 + -1 - (-106 + 115)
5
What is (-1 + -5 - 0) + 18 + -9?
3
What is the value of -14 - (-15 + 6) - -4?
-1
Evaluate -6 + 3 - (2 - 0).
-5
Evaluate (-15 + 2 + 3 - -5) + 1.
-4
-15 - -3 - (-8 - 0)
-4
Evaluate -1 + -2 - (-2 + -4 + 5).
-2
What is the value of (-2 + 5 - -1) + 1 + -2?
3
What is the value of 0 + ((7 - 2) + -4 - -5)?
6
Calculate 3 + (-6 - -2 - -7).
6
What is (5 - 1 - -2) + -10?
-4
(-12 - -17) + (2 - 9) - 2
-4
Evaluate -10 + 3 + 19 + -10.
2
What is the value of -9 + (8 + 6 - 11)?
-6
Calculate 8 + -10 - (0 + -5).
3
What is -4 + 1 - (-1 - (0 - -4))?
2
What is 13 + -19 - (2 + -13)?
5
Evaluate -4 + 4 - (-1 + 3 + -3).
1
What is the value of -1 + (2 - 5) - -2?
-2
-15 + 0 + (11 - (8 + -5))
-7
Evaluate -2 - (-2 - -2) - (-12 + 9).
1
0 - (2 - -1 - 4 - -2)
-1
What is 7 - (-1 + 7 + -3)?
4
Evaluate 2 - (5 + 0 + -9).
6
What is the value of -1 - (-4